{"id":638,"date":"2022-06-13T07:03:32","date_gmt":"2022-06-13T07:03:32","guid":{"rendered":"https:\/\/promix.it-inbox.de\/?page_id=638"},"modified":"2024-03-13T10:20:25","modified_gmt":"2024-03-13T10:20:25","slug":"offene-stellen","status":"publish","type":"page","link":"https:\/\/promix.de\/?page_id=638","title":{"rendered":"Offene Stellen"},"content":{"rendered":"<p>[et_pb_section fb_built=&#8220;1&#8243; _builder_version=&#8220;4.14.7&#8243; _module_preset=&#8220;default&#8220; background_image=&#8220;https:\/\/promix.de\/wp-content\/uploads\/2022\/07\/Abfuellung-Pflegeprodukte2-promix.jpg&#8220; parallax=&#8220;on&#8220; width=&#8220;100%&#8220; width_tablet=&#8220;&#8220; width_phone=&#8220;100%&#8220; width_last_edited=&#8220;on|phone&#8220; max_width=&#8220;100%&#8220; min_height=&#8220;350px&#8220; height=&#8220;800px&#8220; custom_padding=&#8220;|0px||||&#8220; locked=&#8220;off&#8220; global_colors_info=&#8220;{}&#8220;][et_pb_row column_structure=&#8220;3_5,2_5&#8243; _builder_version=&#8220;4.14.7&#8243; _module_preset=&#8220;default&#8220; global_colors_info=&#8220;{}&#8220;][et_pb_column type=&#8220;3_5&#8243; _builder_version=&#8220;4.14.7&#8243; _module_preset=&#8220;default&#8220; global_colors_info=&#8220;{}&#8220;][et_pb_image src=&#8220;https:\/\/promix.de\/wp-content\/uploads\/2022\/06\/Logo_Promix_cosmetics_750.jpg&#8220; title_text=&#8220;Logo_Promix_cosmetics_750&#8243; _builder_version=&#8220;4.14.7&#8243; _module_preset=&#8220;default&#8220; min_height=&#8220;245px&#8220; min_height_tablet=&#8220;245px&#8220; min_height_phone=&#8220;200px&#8220; min_height_last_edited=&#8220;on|phone&#8220; height=&#8220;245px&#8220; height_tablet=&#8220;245px&#8220; height_phone=&#8220;200px&#8220; height_last_edited=&#8220;on|phone&#8220; max_height=&#8220;245px&#8220; max_height_tablet=&#8220;245px&#8220; max_height_phone=&#8220;200px&#8220; max_height_last_edited=&#8220;on|phone&#8220; filter_opacity=&#8220;80%&#8220; border_radii=&#8220;on|25px|25px|25px|25px&#8220; box_shadow_style=&#8220;preset3&#8243; box_shadow_color=&#8220;#007cb0&#8243; global_colors_info=&#8220;{}&#8220;][\/et_pb_image][\/et_pb_column][et_pb_column type=&#8220;2_5&#8243; _builder_version=&#8220;4.14.7&#8243; _module_preset=&#8220;default&#8220; global_colors_info=&#8220;{}&#8220;][\/et_pb_column][\/et_pb_row][et_pb_row _builder_version=&#8220;4.14.7&#8243; _module_preset=&#8220;default&#8220; global_colors_info=&#8220;{}&#8220;][et_pb_column type=&#8220;4_4&#8243; _builder_version=&#8220;4.14.7&#8243; _module_preset=&#8220;default&#8220; global_colors_info=&#8220;{}&#8220;][et_pb_text _builder_version=&#8220;4.14.7&#8243; _module_preset=&#8220;default&#8220; text_text_color=&#8220;#3c3c3c&#8220; text_font_size=&#8220;20px&#8220; header_2_text_color=&#8220;#3c3c3c&#8220; global_colors_info=&#8220;{}&#8220;]<\/p>\n<p>Wir k\u00fcmmern uns r\u00fchrend um Ihr Produkt.<\/p>\n<p>[\/et_pb_text][\/et_pb_column][\/et_pb_row][\/et_pb_section][et_pb_section fb_built=&#8220;1&#8243; _builder_version=&#8220;4.14.7&#8243; _module_preset=&#8220;default&#8220; background_color_gradient_start=&#8220;#ffffff&#8220; background_color_gradient_end=&#8220;rgba(47,56,84,0.5)&#8220; locked=&#8220;off&#8220; global_colors_info=&#8220;{}&#8220;][et_pb_row _builder_version=&#8220;4.14.7&#8243; _module_preset=&#8220;default&#8220; custom_padding=&#8220;0px|||||&#8220; global_colors_info=&#8220;{}&#8220;][et_pb_column type=&#8220;4_4&#8243; _builder_version=&#8220;4.14.7&#8243; _module_preset=&#8220;default&#8220; global_colors_info=&#8220;{}&#8220;][et_pb_text _builder_version=&#8220;4.14.7&#8243; text_font=&#8220;Montserrat|500|||||||&#8220; text_text_color=&#8220;rgba(47,56,84,0.5)&#8220; quote_font=&#8220;||||||||&#8220; header_font=&#8220;||||||||&#8220; header_2_font=&#8220;Yeseva One||||||||&#8220; header_2_font_size=&#8220;40px&#8220; header_2_line_height=&#8220;1.3em&#8220; module_alignment=&#8220;center&#8220; custom_margin=&#8220;50px||-1px||false|false&#8220; header_2_font_size_tablet=&#8220;40px&#8220; header_2_font_size_phone=&#8220;36px&#8220; header_2_font_size_last_edited=&#8220;on|phone&#8220; locked=&#8220;off&#8220; global_colors_info=&#8220;{}&#8220;]<\/p>\n<h2 style=\"text-align: left;\">Unsere attraktiven Stellenangebote<\/h2>\n<p>&nbsp;<\/p>\n<p><span style=\"color: #697378;\">Wir bieten Ihnen abwechslungsreiche und interessante T\u00e4tigkeiten.<\/span><\/p>\n<p>&nbsp;<\/p>\n<p>[\/et_pb_text][\/et_pb_column][\/et_pb_row][et_pb_row _builder_version=&#8220;4.14.7&#8243; _module_preset=&#8220;default&#8220; custom_padding=&#8220;0px|||||&#8220; global_colors_info=&#8220;{}&#8220;][et_pb_column type=&#8220;4_4&#8243; _builder_version=&#8220;4.14.7&#8243; _module_preset=&#8220;default&#8220; global_colors_info=&#8220;{}&#8220;][et_pb_cta title=&#8220;Personalsachbearbeiter (m\/w\/d)&#8220; button_url=&#8220;https:\/\/promix.de\/wp-content\/uploads\/2024\/03\/Personalsachbearbeiter.pdf&#8220; url_new_window=&#8220;on&#8220; button_text=&#8220;ZUM ANGEBOT&#8220; _builder_version=&#8220;4.14.7&#8243; _module_preset=&#8220;default&#8220; header_font=&#8220;Yeseva One|500|||||||&#8220; header_text_align=&#8220;center&#8220; header_text_color=&#8220;#3c3c3c&#8220; header_line_height=&#8220;1.9em&#8220; body_font=&#8220;Montserrat|500|||||||&#8220; body_text_align=&#8220;center&#8220; body_text_color=&#8220;#697378&#8243; background_color=&#8220;#FFFFFF&#8220; custom_button=&#8220;on&#8220; button_text_size=&#8220;16px&#8220; button_bg_color=&#8220;#007cb0&#8243; button_border_width=&#8220;0px&#8220; button_border_radius=&#8220;60px&#8220; button_letter_spacing=&#8220;1px&#8220; button_font=&#8220;Montserrat|700|||||||&#8220; button_use_icon=&#8220;off&#8220; button_alignment=&#8220;center&#8220; button_custom_padding=&#8220;10px|20px|10px|20px|false|false&#8220; link_option_url_new_window=&#8220;on&#8220; global_colors_info=&#8220;{}&#8220;][\/et_pb_cta][\/et_pb_column][\/et_pb_row][et_pb_row _builder_version=&#8220;4.14.7&#8243; _module_preset=&#8220;default&#8220; custom_padding=&#8220;0px|||||&#8220; global_colors_info=&#8220;{}&#8220;][et_pb_column type=&#8220;4_4&#8243; _builder_version=&#8220;4.14.7&#8243; _module_preset=&#8220;default&#8220; global_colors_info=&#8220;{}&#8220;][et_pb_cta title=&#8220;Mitarbeiter Produktion (m\/w\/d)&#8220; button_url=&#8220;https:\/\/promix.de\/wp-content\/uploads\/2023\/04\/Mitarbeiter-Produktion.pdf&#8220; url_new_window=&#8220;on&#8220; button_text=&#8220;ZUM ANGEBOT&#8220; _builder_version=&#8220;4.14.7&#8243; _module_preset=&#8220;default&#8220; header_font=&#8220;Yeseva One|500|||||||&#8220; header_text_align=&#8220;center&#8220; header_text_color=&#8220;#3c3c3c&#8220; header_line_height=&#8220;1.9em&#8220; body_font=&#8220;Montserrat|500|||||||&#8220; body_text_align=&#8220;center&#8220; body_text_color=&#8220;#697378&#8243; background_color=&#8220;#FFFFFF&#8220; custom_button=&#8220;on&#8220; button_text_size=&#8220;16px&#8220; button_bg_color=&#8220;#007cb0&#8243; button_border_width=&#8220;0px&#8220; button_border_radius=&#8220;60px&#8220; button_letter_spacing=&#8220;1px&#8220; button_font=&#8220;Montserrat|700|||||||&#8220; button_use_icon=&#8220;off&#8220; button_alignment=&#8220;center&#8220; button_custom_padding=&#8220;10px|20px|10px|20px|false|false&#8220; link_option_url_new_window=&#8220;on&#8220; global_colors_info=&#8220;{}&#8220;][\/et_pb_cta][\/et_pb_column][\/et_pb_row][et_pb_row _builder_version=&#8220;4.14.7&#8243; _module_preset=&#8220;default&#8220; custom_padding=&#8220;0px|||||&#8220; global_colors_info=&#8220;{}&#8220;][et_pb_column type=&#8220;4_4&#8243; _builder_version=&#8220;4.14.7&#8243; _module_preset=&#8220;default&#8220; global_colors_info=&#8220;{}&#8220;][et_pb_cta title=&#8220;Mitarbeiter Herstellung (m\/w\/d)&#8220; button_url=&#8220;https:\/\/promix.de\/wp-content\/uploads\/2023\/04\/Mitarbeiter-Herstellung-Mischerfahrer.pdf&#8220; url_new_window=&#8220;on&#8220; button_text=&#8220;ZUM ANGEBOT&#8220; _builder_version=&#8220;4.14.7&#8243; _module_preset=&#8220;default&#8220; header_font=&#8220;Yeseva One|500|||||||&#8220; header_text_align=&#8220;center&#8220; header_text_color=&#8220;#3c3c3c&#8220; header_line_height=&#8220;1.9em&#8220; body_font=&#8220;Montserrat|500|||||||&#8220; body_text_align=&#8220;center&#8220; body_text_color=&#8220;#697378&#8243; background_color=&#8220;#FFFFFF&#8220; custom_button=&#8220;on&#8220; button_text_size=&#8220;16px&#8220; button_bg_color=&#8220;#007cb0&#8243; button_border_width=&#8220;0px&#8220; button_border_radius=&#8220;60px&#8220; button_letter_spacing=&#8220;1px&#8220; button_font=&#8220;Montserrat|700|||||||&#8220; button_use_icon=&#8220;off&#8220; button_alignment=&#8220;center&#8220; button_custom_padding=&#8220;10px|20px|10px|20px|false|false&#8220; link_option_url_new_window=&#8220;on&#8220; global_colors_info=&#8220;{}&#8220;][\/et_pb_cta][\/et_pb_column][\/et_pb_row][et_pb_row _builder_version=&#8220;4.14.7&#8243; _module_preset=&#8220;default&#8220; custom_padding=&#8220;0px|||||&#8220; global_colors_info=&#8220;{}&#8220;][et_pb_column type=&#8220;4_4&#8243; _builder_version=&#8220;4.14.7&#8243; _module_preset=&#8220;default&#8220; global_colors_info=&#8220;{}&#8220;][et_pb_cta title=&#8220;Mitarbeiter Technik &#8211; Einrichter (m\/w\/d)&#8220; button_url=&#8220;https:\/\/promix.de\/wp-content\/uploads\/2024\/03\/Mitarbeiter-Technik-Einrichter.pdf&#8220; url_new_window=&#8220;on&#8220; button_text=&#8220;ZUM ANGEBOT&#8220; _builder_version=&#8220;4.14.7&#8243; _module_preset=&#8220;default&#8220; header_font=&#8220;Yeseva One|500|||||||&#8220; header_text_align=&#8220;center&#8220; header_text_color=&#8220;#3c3c3c&#8220; header_line_height=&#8220;1.9em&#8220; body_font=&#8220;Montserrat|500|||||||&#8220; body_text_align=&#8220;center&#8220; body_text_color=&#8220;#697378&#8243; background_color=&#8220;#FFFFFF&#8220; custom_button=&#8220;on&#8220; button_text_size=&#8220;16px&#8220; button_bg_color=&#8220;#007cb0&#8243; button_border_width=&#8220;0px&#8220; button_border_radius=&#8220;60px&#8220; button_letter_spacing=&#8220;1px&#8220; button_font=&#8220;Montserrat|700|||||||&#8220; button_use_icon=&#8220;off&#8220; button_alignment=&#8220;center&#8220; button_custom_padding=&#8220;10px|20px|10px|20px|false|false&#8220; link_option_url_new_window=&#8220;on&#8220; global_colors_info=&#8220;{}&#8220;][\/et_pb_cta][et_pb_cta title=&#8220;Laborant (m\/w\/d)&#8220; button_url=&#8220;https:\/\/promix.de\/wp-content\/uploads\/2023\/04\/Laborant.pdf&#8220; url_new_window=&#8220;on&#8220; button_text=&#8220;ZUM ANGEBOT&#8220; _builder_version=&#8220;4.14.7&#8243; _module_preset=&#8220;default&#8220; header_font=&#8220;Yeseva One|500|||||||&#8220; header_text_align=&#8220;center&#8220; header_text_color=&#8220;#3c3c3c&#8220; header_line_height=&#8220;1.9em&#8220; body_font=&#8220;Montserrat|500|||||||&#8220; body_text_align=&#8220;center&#8220; body_text_color=&#8220;#697378&#8243; background_color=&#8220;#FFFFFF&#8220; custom_button=&#8220;on&#8220; button_text_size=&#8220;16px&#8220; button_bg_color=&#8220;#007cb0&#8243; button_border_width=&#8220;0px&#8220; button_border_radius=&#8220;60px&#8220; button_letter_spacing=&#8220;1px&#8220; button_font=&#8220;Montserrat|700|||||||&#8220; button_use_icon=&#8220;off&#8220; button_alignment=&#8220;center&#8220; button_custom_padding=&#8220;10px|20px|10px|20px|false|false&#8220; link_option_url_new_window=&#8220;on&#8220; global_colors_info=&#8220;{}&#8220;][\/et_pb_cta][et_pb_cta title=&#8220;Gruppenleiter Vertrieb (m\/w\/d)&#8220; button_url=&#8220;https:\/\/promix.de\/wp-content\/uploads\/2023\/04\/Gruppenleiter-Vertrieb.pdf&#8220; url_new_window=&#8220;on&#8220; button_text=&#8220;ZUM ANGEBOT&#8220; _builder_version=&#8220;4.14.7&#8243; _module_preset=&#8220;default&#8220; header_font=&#8220;Yeseva One|500|||||||&#8220; header_text_align=&#8220;center&#8220; header_text_color=&#8220;#3c3c3c&#8220; header_line_height=&#8220;1.9em&#8220; body_font=&#8220;Montserrat|500|||||||&#8220; body_text_align=&#8220;center&#8220; body_text_color=&#8220;#697378&#8243; background_color=&#8220;#FFFFFF&#8220; custom_button=&#8220;on&#8220; button_text_size=&#8220;16px&#8220; button_bg_color=&#8220;#007cb0&#8243; button_border_width=&#8220;0px&#8220; button_border_radius=&#8220;60px&#8220; button_letter_spacing=&#8220;1px&#8220; button_font=&#8220;Montserrat|700|||||||&#8220; button_use_icon=&#8220;off&#8220; button_alignment=&#8220;center&#8220; button_custom_padding=&#8220;10px|20px|10px|20px|false|false&#8220; link_option_url_new_window=&#8220;on&#8220; global_colors_info=&#8220;{}&#8220;][\/et_pb_cta][et_pb_cta title=&#8220;Mitarbeiter Auftragsabwicklung (m\/w\/d)&#8220; button_url=&#8220;https:\/\/promix.de\/wp-content\/uploads\/2023\/04\/Mitarbeiter-Auftragsabwicklung.pdf&#8220; url_new_window=&#8220;on&#8220; button_text=&#8220;ZUM ANGEBOT&#8220; _builder_version=&#8220;4.14.7&#8243; _module_preset=&#8220;default&#8220; header_font=&#8220;Yeseva One|500|||||||&#8220; header_text_align=&#8220;center&#8220; header_text_color=&#8220;#3c3c3c&#8220; header_line_height=&#8220;1.9em&#8220; body_font=&#8220;Montserrat|500|||||||&#8220; body_text_align=&#8220;center&#8220; body_text_color=&#8220;#697378&#8243; background_color=&#8220;#FFFFFF&#8220; custom_button=&#8220;on&#8220; button_text_size=&#8220;16px&#8220; button_bg_color=&#8220;#007cb0&#8243; button_border_width=&#8220;0px&#8220; button_border_radius=&#8220;60px&#8220; button_letter_spacing=&#8220;1px&#8220; button_font=&#8220;Montserrat|700|||||||&#8220; button_use_icon=&#8220;off&#8220; button_alignment=&#8220;center&#8220; button_custom_padding=&#8220;10px|20px|10px|20px|false|false&#8220; link_option_url_new_window=&#8220;on&#8220; global_colors_info=&#8220;{}&#8220;][\/et_pb_cta][et_pb_cta title=&#8220;Mitarbeiter Lager  (m\/w\/d)&#8220; button_url=&#8220;https:\/\/promix.de\/wp-content\/uploads\/2024\/03\/Mitarbeiter-Lager.pdf&#8220; url_new_window=&#8220;on&#8220; button_text=&#8220;ZUM ANGEBOT&#8220; _builder_version=&#8220;4.14.7&#8243; _module_preset=&#8220;default&#8220; header_font=&#8220;Yeseva One|500|||||||&#8220; header_text_align=&#8220;center&#8220; header_text_color=&#8220;#3c3c3c&#8220; header_line_height=&#8220;1.9em&#8220; body_font=&#8220;Montserrat|500|||||||&#8220; body_text_align=&#8220;center&#8220; body_text_color=&#8220;#697378&#8243; background_color=&#8220;#FFFFFF&#8220; custom_button=&#8220;on&#8220; button_text_size=&#8220;16px&#8220; button_bg_color=&#8220;#007cb0&#8243; button_border_width=&#8220;0px&#8220; button_border_radius=&#8220;60px&#8220; button_letter_spacing=&#8220;1px&#8220; button_font=&#8220;Montserrat|700|||||||&#8220; button_use_icon=&#8220;off&#8220; button_alignment=&#8220;center&#8220; button_custom_padding=&#8220;10px|20px|10px|20px|false|false&#8220; link_option_url_new_window=&#8220;on&#8220; global_colors_info=&#8220;{}&#8220;][\/et_pb_cta][\/et_pb_column][\/et_pb_row][et_pb_row _builder_version=&#8220;4.14.7&#8243; _module_preset=&#8220;default&#8220; global_colors_info=&#8220;{}&#8220;][et_pb_column type=&#8220;4_4&#8243; _builder_version=&#8220;4.14.7&#8243; _module_preset=&#8220;default&#8220; global_colors_info=&#8220;{}&#8220;][et_pb_text _builder_version=&#8220;4.14.7&#8243; _module_preset=&#8220;default&#8220; text_font=&#8220;Montserrat||||||||&#8220; text_text_color=&#8220;#697378&#8243; global_colors_info=&#8220;{}&#8220;]<\/p>\n<p>&nbsp;<\/p>\n<p>&nbsp;<\/p>\n<p><strong>Nichts geeignetes dabei?<\/strong><\/p>\n<p>Nutzen Sie gern auch die M\u00f6glichkeit einer Initiativbewerbung. Unsere Kontaktdaten finden Sie gleich nachstehend.<\/p>\n<p>&nbsp;<\/p>\n<p><strong>Promix Cosmetics GmbH &amp; Co. KG<\/strong><\/p>\n<p>Mecklenburger Stra\u00dfe 7<br \/>16909 Wittstock<br \/>Telefon: +49 (0) 3394-47790<br \/>E-Mail: bewerbung@promix.de<\/p>\n<p>&nbsp;<\/p>\n<p>[\/et_pb_text][\/et_pb_column][\/et_pb_row][\/et_pb_section]<\/p>\n","protected":false},"excerpt":{"rendered":"<p>Wir k\u00fcmmern uns r\u00fchrend um Ihr Produkt.Unsere attraktiven Stellenangebote &nbsp; Wir bieten Ihnen abwechslungsreiche und interessante T\u00e4tigkeiten. &nbsp;&nbsp; &nbsp; Nichts geeignetes dabei? Nutzen Sie gern auch die M\u00f6glichkeit einer Initiativbewerbung. Unsere Kontaktdaten finden Sie gleich nachstehend. &nbsp; Promix Cosmetics GmbH &amp; Co. KG Mecklenburger Stra\u00dfe 716909 WittstockTelefon: +49 (0) 3394-47790E-Mail: bewerbung@promix.de &nbsp;<\/p>\n","protected":false},"author":1,"featured_media":0,"parent":0,"menu_order":0,"comment_status":"closed","ping_status":"closed","template":"","meta":{"_et_pb_use_builder":"on","_et_pb_old_content":"","_et_gb_content_width":"","footnotes":""},"class_list":["post-638","page","type-page","status-publish","hentry"],"_links":{"self":[{"href":"https:\/\/promix.de\/index.php?rest_route=\/wp\/v2\/pages\/638","targetHints":{"allow":["GET"]}}],"collection":[{"href":"https:\/\/promix.de\/index.php?rest_route=\/wp\/v2\/pages"}],"about":[{"href":"https:\/\/promix.de\/index.php?rest_route=\/wp\/v2\/types\/page"}],"author":[{"embeddable":true,"href":"https:\/\/promix.de\/index.php?rest_route=\/wp\/v2\/users\/1"}],"replies":[{"embeddable":true,"href":"https:\/\/promix.de\/index.php?rest_route=%2Fwp%2Fv2%2Fcomments&post=638"}],"version-history":[{"count":41,"href":"https:\/\/promix.de\/index.php?rest_route=\/wp\/v2\/pages\/638\/revisions"}],"predecessor-version":[{"id":1169,"href":"https:\/\/promix.de\/index.php?rest_route=\/wp\/v2\/pages\/638\/revisions\/1169"}],"wp:attachment":[{"href":"https:\/\/promix.de\/index.php?rest_route=%2Fwp%2Fv2%2Fmedia&parent=638"}],"curies":[{"name":"wp","href":"https:\/\/api.w.org\/{rel}","templated":true}]}}